What are the prime factors of t(-2)?
3, 5
Suppose b + t = -t + 10, 0 = -2*b - 2*t + 20. Suppose -a + 3*a = 4*g + b, 5*g = -5*a + 70. What are the prime factors of a?
11
Suppose -4*p = -3*p - 5. Suppose 3 = 2*z - p. List the prime factors of z.
2
Suppose 4*d - 71 = 105. What are the prime factors of d?
2, 11
Suppose 3*t - h = 6, -4*t - 4*h = -7*h - 3. Suppose 0 = 2*i + t*c + 7, -5*c - 1 = 24. Suppose 5 = 5*k - i*w, k = -2*k + 3*w. List the prime factors of k.
5
Suppose -4*j + 2 = -3*j. Suppose -w + 22 = j*w - l, -2*w + 2*l + 16 = 0. List the prime factors of w.
7
What are the prime factors of (174/9)/((-5)/(-15))?
2, 29
Suppose -o + 0*o - 4 = 0, z - 10 = -4*o. List the prime factors of z.
2, 13
Let s(t) = 2*t**3 - 2*t**3 - t**2 - t**3 - 3*t**2 + 1 - 6*t. Let o(b) = b**3 + 5*b**2 + 7*b - 1. Let m(r) = 4*o(r) + 5*s(r). List the prime factors of m(-2).
13
Suppose 0 = g + r - 3*r - 26, -70 = -2*g - 2*r. List the prime factors of g.
2
Let c(h) = -h + 8. Let g = -10 - -15. List the prime factors of c(g).
3
Let g = 28 - 10. What are the prime factors of g?
2, 3
Suppose 4*k = t - 211, 2*t = -5*k + 7*t - 245. Let b = -15 - k. What are the prime factors of b?
3, 13
Suppose 0 = -6*k + 5*k + 382. What are the prime factors of k?
2, 191
Suppose -5*z - 5*b = 210, -z - 4*b - 47 = -8*b. Let f = -10 - z. What are the prime factors of 4/22 + 192/f?
2, 3
List the prime factors of 1 + 1 - ((-6 - 134) + 6).
2, 17
Let a(t) = 2*t**2 + 2*t + 4. List the prime factors of a(-4).
2, 7
Let p be ((-4)/(-5))/(16/40). Suppose 0 = 4*x + 8, -p*r + 2*x - 5*x = 0. What are the prime factors of r?
3
Suppose 0 = 4*v + t - 207, -4*v - 3*t = -t - 202. Suppose -4*l - 5*d - v = 0, 0 = -0*l + l + d + 12. Let h = l - -11. What are the prime factors of h?
2
Suppose 2 = l - 2. Let m(s) = -2*s**2 + 2*s + 2. Let k(j) = 3*j**2 - 3*j - 2. Let a(v) = 3*k(v) + 4*m(v). List the prime factors of a(l).
2, 7
Let o(h) = -5*h**2 - 4*h + 5. Let t be o(-5). Let y = t - -165. Suppose -c - 4*c = -y. List the prime factors of c.
13
Let s(q) = q + 2. Let u be s(-1). List the prime factors of -2 - 7*(-5 + u).
2, 13
Let l(z) be the first derivative of 2*z**3/3 - z**2/2 + 2*z - 3. List the prime factors of l(-2).
2, 3
Suppose -u + 124 = -m, m - 6*m = 20. What are the prime factors of u?
2, 3, 5
Let w(h) = h - 2. Let f be 0/(-1) + 0 - -10. List the prime factors of w(f).
2
Let x(q) = -2*q - 2. Let b be x(-2). Suppose 4*i + 2*g - 6 = 2, 0 = b*i + 2*g - 4. What are the prime factors of i?
2
Suppose -5*w - z + 905 = 4*z, 2*w + z = 367. What are the prime factors of w?
2, 3, 31
Suppose 0 = -4*u + 2*u + 2. Suppose -u + 0 = -l. List the prime factors of (4/(-8))/(l/(-22)).
11
Suppose 242 = 3*l + 71. List the prime factors of l.
3, 19
Let w(q) = 29*q - 16. Let i(y) = -6*y + 3. Let d(n) = -11*i(n) - 2*w(n). What are the prime factors of d(2)?
3, 5
Let t = -1 + 3. Suppose -t*k = k - 12. What are the prime factors of k?
2
Let y = 13 + -11. Suppose -2*z + 101 = 3*z + y*t, -29 = -z + 4*t. List the prime factors of z.
3, 7
List the prime factors of 12/10*725/10.
3, 29
Let f = 7 + -3. Suppose -3*p + p + 13 = -3*l, -f*p - 4 = 4*l. List the prime factors of p.
2
Let c(i) = -i**2 - 14*i + 7. Let d be c(-14). Let l = 1 + d. What are the prime factors of l?
2
Let a(g) = 3*g**2 + 2*g - 38. List the prime factors of a(10).
2, 3, 47
Suppose -2*q - 1 = 5*n - 22, 2*q + 3*n - 15 = 0. What are the prime factors of q?
3
Let j = 61 - 33. List the prime factors of j.
2, 7
Let t be (-2)/((-2)/(-23) + 0). Let z = t + 59. Suppose 3*b = -b + z. What are the prime factors of b?
3
Let p be (7/2)/(4/8). Let u = 13 - p. List the prime factors of u.
2, 3
Let x(m) = m**3 + 8*m**2 + 5*m - 7. Suppose -v = -2*c - 3*c + 2, 4*v = 4*c + 8. Let n be -8 - ((v - 1) + -3). List the prime factors of x(n).
7
Suppose 2*s = -4*z - 8, -2*s + 4*z + 8 = -5*s. Suppose -5*t + f + 88 + 4 = s, -60 = -3*t + 3*f. What are the prime factors of t?
2, 3
Suppose -2 = -4*k + 2*i, k + 4*i - 8 = 15. Let l(u) = 2*u**3 - 4*u**2 + 2*u - 1. What are the prime factors of l(k)?
23
Suppose -3*h = h - 4. Let v be (4/6)/(h/3). Suppose -v*r = -3*r + 7. What are the prime factors of r?
7
Let k = -4 + 5. Let n = k + 8. What are the prime factors of n?
3
Suppose -z = -36 - 7. List the prime factors of z.
43
Let a be -3*(-10)/6 + -1. Let v = 1 - -4. Suppose a = 4*x + v*g - 17, g = x - 3. What are the prime factors of x?
2
Suppose 2*d - d + 3 = 0. Let w be 2 + 0*(-1)/d. Suppose 0 = -4*z + w + 10, -5*z = -j - 2. What are the prime factors of j?
13
List the prime factors of 138/(-8)*56/(-14).
3, 23
Suppose -4*j - 4 = -2*k, -3*k - 5*j + 13 = -4*j. Suppose -5*t + 43 = -7. Let a = t - k. What are the prime factors of a?
2, 3
Let w be (-4)/((-12)/9) - 5. What are the prime factors of (w/3)/(2/(-57))?
19
Let v = 16 - -1. List the prime factors of v.
17
Let g be 0 - -5 - (4 - 4). Let s be (-1)/((-1)/(-1 - -3)). Suppose 0 = -s*r + r + g. List the prime factors of r.
5
Let g(k) = -14*k - 43. What are the prime factors of g(-11)?
3, 37
Let i = 3 - 1. Let t = i - -2. What are the prime factors of t?
2
Suppose 4 = 4*l - 0*l. Suppose -3*h + 4*i - 18 - 3 = 0, -26 = h + 5*i. What are the prime factors of h/(-1) + (l - 0)?
2, 3
Let u(a) = 28*a - 8. What are the prime factors of u(4)?
2, 13
Let p(f) = 3*f + 22. What are the prime factors of p(13)?
61
Suppose -v = -5*r + 483 - 184, 2*r - 130 = 3*v. What are the prime factors of r?
59
Suppose -5*w = 5*t - 52 - 88, t = 2*w + 13. Let u = -6 + t. List the prime factors of u.
17
Let u(m) = 0 - 1 - 2*m + 4*m. Let o be u(5). Let q(g) = -g**3 + 8*g**2 + 10*g - 4. What are the prime factors of q(o)?
5
Let g = -31 - -71. Suppose -3*v = v + g. Let z = -6 - v. List the prime factors of z.
2
Let w = 565 + -278. List the prime factors of w.
7, 41
Let g(z) = z**3 + 5*z**2 - z - 3. Suppose 5*u + 5 = -20. List the prime factors of g(u).
2
Let r be 4/((-4)/2) + 7. Suppose -3*v - 10 = 2*c, 0 = -c - 0 - r. Suppose -3*z + 21 = -v*z. List the prime factors of z.
7
Let i(h) be the third derivative of -h**6/120 - h**5/12 - h**3/3 - 10*h**2. List the prime factors of i(-6).
2, 17
List the prime factors of (5508/(-20))/(-3) - 6/(-30).
2, 23
List the prime factors of -40*(-32)/30*3 + 1.
3, 43
Suppose 3 = -d + 2*d. Suppose 0*u - 4*u + 8 = 0, 0 = -5*g + d*u + 4. Suppose g*s + 2*s = 2*t + 14, 3*s + 2*t - 7 = 0. What are the prime factors of s?
3
Suppose -t - t = -4. Suppose -v + 0*u - 6 = -2*u, -5*v = -2*u - t. Suppose -4*n + 14 = -v*n. What are the prime factors of n?
7
Let w be (-4)/(-14) + 235/35. Suppose x + 2 - w = 0. List the prime factors of x.
5
Let o(t) = t**2 - t + 2. List the prime factors of o(-2).
2
Let o = 70 - 37. Suppose 3*p - o - 39 = 0. Suppose 0 + 28 = 5*u - 3*t, 0 = -2*u - 2*t + p. What are the prime factors of u?
2
Let j(r) = -r + 3. Let t(p) = -3*p + 6. Let g(b) = 5*j(b) - 2*t(b). Suppose -i + 4 = -0*i. What are the prime factors of g(i)?
7
Suppose -17 + 76 = -4*x + 5*z, 0 = -4*x + z - 47. Let i = -6 - x. Suppose 3*n = -v + 5*n + 3, n = -i*v + 37. What are the prime factors of v?
7
Let o(v) = 9*v - 2. List the prime factors of o(3).
5
Suppose -5*b + 4*b + 20 = 0. What are the prime factors of b?
2, 5
Suppose -4*z + 2 = -2. Suppose -2*g = x - z, g = 4*x + 3*g + 8. Let l = x - -10. List the prime factors of l.
7
Suppose -2*f + 16 + 10 = 0. List the prime factors of f - (-3)/6*0.
13
Suppose s - r - 6 + 3 = 0, -s - 5*r = -3. Suppose 43 = -0*y + 3*y + q, 3*y - 27 = s*q. List the prime factors of y.
13
Suppose -3*z = p, -z = 4*z + 4*p. Suppose m - 18 = -5*t, t + 0*m - 2*m + 3 = z. Suppose -l = -r - 6, t*l = -0*r - 3*r + 12. List the prime factors of l.
5
Let j be 4/(-10) - (-67)/5. Let n = j + -5. Suppose 34 = 4*y - l, l = 5*l + n. List the prime factors of y.
2
Suppose 2*c - 4 = -0*c. Suppose c*d - 17 = -s + 13, 5*s + d - 177 = 0. List the prime factors of s.
2, 3
Let t(p) = 2*p**2 + 2*p + 6. List the prime factors of t(7).
2, 59
Let t = 2 + 1. Suppose u - 4*f + f - 49 = 0, -t*u + 4*f + 162 = 0. What are the prime factors of u?
2, 29
Suppose 0 = a - 3, 5*a = -2*o + o + 72. List the prime factors of o.
3, 19
Suppose -5*c + 2*c = 48. Let g = 22 - c. What are the prime factors of g?
2, 19
Let x = 4 - 8. Let a = 16 + x. Suppose 2*j - 12 = a. What are the prime factors of j